Let i(n) = n**3 + 5*n**2 - 4*n - 7. Let c be i(-5). Let m = -4 - -9. Suppose 18 - 603 = -m*l. What is the greatest common divisor of l and c?
13
Suppose 0 = 3*a + 5*m - 44, 5*a - 2*m - 32 = -0*a. Let p be 34 - (1 + a/4). What is the greatest common divisor of p and 93?
31
Let j(l) = 4*l**2 - 5*l - 8. Let p be j(-6). Suppose -2*t + 236 - 78 = k, 2*t - p = k. Calculate the highest common factor of 9 and t.
9
Let j be (-1016)/(-28) + 8/(-28). Let z = 5 - 9. Let h be (-2)/4*2*z. What is the greatest common divisor of j and h?
4
Let n = -6 + 69. Suppose 3*p = -d + 72, 2*d - 5*p - 194 = -p. Let t be d/12 + 2/(-8). What is the highest common divisor of n and t?
7
Suppose 3*u = -8 - 19. Let k(n) = -2*n - 11. Let d be k(u). What is the highest common divisor of 56 and d?
7
Let f = 9 - -108. What is the highest common divisor of 13 and f?
13
Let g be 12*1 - (8 + -3 - 8). What is the greatest common factor of 75 and g?
15
Let a be (-2)/(-20) - (-58106)/340. What is the greatest common factor of 9 and a?
9
Let h be 8/32 - 5/4. Let o be (15/9)/(h/(-3)). What is the highest common divisor of o and 2?
1
Suppose -18 = -6*v + 3*v. Suppose 141 = -5*r + 471. Calculate the highest common factor of v and r.
6
Let n = 0 + 4. Suppose -n*z = -2*z - 110. Suppose 20 = 10*k - 6*k. What is the greatest common factor of z and k?
5
Suppose -2*m - m + 9 = 0. Let u(k) = k + 4. Let h be u(-3). Let c be (-4 - (0 - h))/(-1). Calculate the greatest common factor of m and c.
3
Let t be 22/4 - (-2)/(-4). Let o = 4 - -14. Suppose -o + 3 = 5*x, t*v - 153 = -4*x. Calculate the greatest common divisor of v and 11.
11
Let f be (2 - (-5 - -10))/(2/(-12)). What is the greatest common factor of 81 and f?
9
Let i be 1*4 - (-4 - -7). What is the highest common divisor of i and 7?
1
Suppose -14*v + 3*v + 275 = 0. What is the highest common factor of 100 and v?
25
Let h = -11 - -18. What is the highest common divisor of h and 1?
1
Let b(l) = -l**2 - 12*l + 22. Let i be b(-13). Suppose -4*z + 7 = -5. What is the greatest common divisor of i and z?
3
Let y(k) = -20*k. Let t = -22 - -21. Let n be y(t). Calculate the highest common divisor of 50 and n.
10
Let v(o) = o**3 - 4*o**2 + 9*o - 13. Let n be v(4). What is the greatest common factor of 23 and n?
23
Let q(w) = w**2 - 2*w + 2. Let y be q(2). Suppose -18 = -c - y*c. What is the greatest common divisor of c and 60?
6
Let x(v) = -v**2 + 18*v - 29. Let o be x(13). Calculate the highest common divisor of o and 24.
12
Let y = -9 - -13. Calculate the greatest common divisor of y and 44.
4
Let u(k) = -5*k + 6. Let b(a) = a. Let i(g) = -b(g) - u(g). Let d be i(7). What is the highest common factor of d and 66?
22
Let i(x) = x**3 + 5*x**2 - 3*x - 1. Let r be i(-5). Suppose 5*z + r + 206 = 5*u, -4*z = -3*u + 137. Calculate the highest common divisor of 26 and u.
13
Suppose 4*w = 2*u - 16, 12 = u + 3*w - 16. What is the highest common divisor of 48 and u?
16
Suppose -2*l - 3*l + 560 = 0. Suppose 5*d = d + w + 59, 0 = 5*d + 3*w - 95. What is the greatest common divisor of d and l?
16
Let t = 384 - 204. Calculate the greatest common divisor of 20 and t.
20
Suppose 9*a + 2*a - 176 = 0. What is the greatest common divisor of a and 112?
16
Let r(c) = -2*c**3 - 10*c**2 - 2*c + 2. Let z be r(-5). Calculate the greatest common factor of 36 and z.
12
Suppose 14*g - 24 = 10*g. What is the highest common divisor of g and 9?
3
Let v be (3/6*0)/2. Suppose 2*f - 38 + 2 = v. Suppose -6 = 3*r - f. What is the highest common factor of 12 and r?
4
Suppose -4*k - k + 17 = -4*t, 0 = -3*k + 5*t + 5. Suppose -2*p + 6*p = -12, -3*f = -p - 123. Calculate the highest common factor of k and f.
5
Let o(h) = 8*h - 73. Let q be o(11). Suppose n - 2*i - 6 = 0, -3*i + 24 = 4*n - 0*i. What is the highest common factor of n and q?
3
Suppose -15 = x - 6*x. Calculate the greatest common divisor of 30 and x.
3
Let j(y) = -y**3 - 12*y**2 - 13*y + 6. Let x be j(-11). Let i = 50 - x. What is the greatest common divisor of i and 33?
11
Let z(c) = -2*c - 19. Let s be z(-11). Calculate the greatest common factor of 15 and s.
3
Suppose 0 = -2*m - 5*u + 12, 8*m + 2*u - 72 = 3*m. Calculate the highest common factor of m and 4.
4
Suppose -286 + 9 = -3*m - 5*s, -4*s = -3*m + 313. Calculate the greatest common factor of 66 and m.
33
Let y = 15 - 24. Let w(b) = -b - 2. Let h be w(y). Suppose s - 13 - h = 0. Calculate the greatest common divisor of 60 and s.
20
Let d be -2 + 6 + -2 - -22. Calculate the greatest common divisor of d and 36.
12
Suppose 3*y = 2*h + h - 108, 3*y = 2*h - 68. Calculate the highest common divisor of 30 and h.
10
Let s = 126 - 27. Let t be 0 - (1/1 - 10). Calculate the highest common factor of t and s.
9
Let l = 12 - -7. Suppose -3*t + l = 7. Suppose -4*s - y - 2*y = -153, -4*s - 5*y = -159. What is the highest common divisor of t and s?
4
Let q(r) = -r**2 + 45. Let a be q(-6). What is the highest common divisor of a and 234?
9
Suppose -5*q + 14 - 4 = 0. Calculate the highest common factor of 2 and q.
2
Let n be 6*-1*(-4)/6. Suppose -29 = -n*x - s, s + 6 = -x + 2*x. Let g be 1 + x - (-2)/1. Calculate the highest common factor of 70 and g.
10
Suppose 92 + 48 = 5*o. Suppose -3*j + 80 = -o. Calculate the highest common divisor of j and 9.
9
Suppose 0*b - 2*b - 14 = 0. Let p = 8 - b. What is the greatest common factor of p and 135?
15
Let k = 2 + -2. Let d be (-2 - k)/((-2)/14). Calculate the greatest common factor of 112 and d.
14
Let j(l) = l**3 - 2*l**2 + 3*l + 4. Let o be j(4). Let b be 48*(24/9 + -2). What is the greatest common divisor of o and b?
16
Let r be 4/(1 + (-3)/4). Calculate the greatest common divisor of r and 16.
16
Suppose -l + 0*o + 3*o = -13, 66 = 4*l + 2*o. What is the greatest common factor of l and 128?
16
Let l be 1/1*0/(-3). Suppose -3*j + 4*j + 4 = l. Let o be (0 + j)/(1/(-5)). Calculate the highest common factor of 100 and o.
20
Suppose 5*z - 49 = -4*t, 3*z = -2*t + 8*z - 13. Let m(c) = -c**3 + 7*c**2 - 3*c + 6. Let f be m(6). What is the highest common factor of t and f?
6
Suppose -f = 3*w - 14, 5 = 3*f + 8. Let z = -13 + 19. Suppose -z = -4*y + 14. What is the highest common factor of w and y?
5
Let t = -23 - -39. Let b = 22 - 16. Let s be (-96)/(4*(-1)/b). What is the highest common divisor of t and s?
16
Suppose -2*u + 5*u - 26 = -5*x, 2*u + 8 = 3*x. Suppose -u*t + 20 = -0*t. What is the greatest common factor of 15 and t?
5
Let x(b) = -9*b**3 + 3*b**2 + 2*b. Let y be x(-1). Calculate the greatest common divisor of 10 and y.
10
Let b = 13 - 3. Let v = b + 10. Calculate the highest common divisor of v and 80.
20
Suppose 0 = d - 12 + 3. Let r be (1/2)/((-2)/(-36)). What is the highest common factor of r and d?
9
Let v(c) = -c**3 + 6*c**2 - 3*c - 6. Let h be v(5). Suppose -3*t = -2*k - 55, 5*k = 4*t + h*k - 80. Calculate the greatest common factor of t and 147.
21
Let k be (-1 - 1)*27/6. Let v(u) = -u**3 + 6*u**2 + 9*u - 10. Let z be v(8). Let w be z/k*3*2. Calculate the highest common factor of 4 and w.
4
Let w = 66 + -56. Calculate the greatest common divisor of 1 and w.
1
Suppose 0 = -s - 5 + 18. What is the highest common divisor of 143 and s?
13
Let a = -129 + 345. Let k = 59 + -35. What is the highest common divisor of k and a?
24
Let v be -6*5/(-2) + -3. Suppose 0 = -c - 2*c + v. Suppose -2*k + 49 = -5*q, 41 = 2*k - 4*q - 11. What is the highest common factor of c and k?
4
Let s be 176/18 + 6/27. Let y be (-2 + 3)/((-2)/14). Let o be 3/y - (-283)/7. What is the greatest common factor of s and o?
10
Let g be 1 - (-1 + (-1 - 0)). Suppose -2*q + 30 = g*q. What is the greatest common divisor of 12 and q?
6
Let t = -3 - -5. Suppose -2*r - 31 = -t*p - 149, 4*r = -p + 216. Calculate the highest common factor of 11 and r.
11
Let s be 0 + 0 + -2 + (-100)/(-2). Calculate the greatest common divisor of 336 and s.
48
Suppose 0 = a - 2*b - 60, 2*b - 3 + 13 = 0. Suppose 40 = 2*d - a. What is the greatest common divisor of 18 and d?
9
Let y = 130 - 198. Let v = y + 96. Suppose 0 = -3*l + 94 + 32. Calculate the highest common divisor of l and v.
14
Suppose 0 = -0*z - 2*z + 132. Suppose 4*u = -2*w - 264, -4*w = 3*u - 4*u - z. Let i be ((-30)/9 - -2)*u. Calculate the greatest common factor of i and 8.
8
Let m(q) = -q**2 + 5*q. Let x be m(3). Let z(b) = -2*b*